{"id":91,"date":"2019-10-11T14:11:38","date_gmt":"2019-10-11T12:11:38","guid":{"rendered":"https:\/\/coradcor.fr\/?page_id=91"},"modified":"2026-02-05T22:15:09","modified_gmt":"2026-02-05T21:15:09","slug":"acheter","status":"publish","type":"page","link":"https:\/\/coradcor.fr\/index.php\/acheter\/","title":{"rendered":"Acheter"},"content":{"rendered":"\n<p>Vous r\u00eavez de lire <em>Dans les poches de Catinon<\/em> ou<em> De Lys, d&rsquo;Azur \u00e9toil\u00e9 et d&rsquo;un Coeur enflamm\u00e9<\/em> ? Nos BD sont tr\u00e8s s\u00fbrement disponibles ou commandables dans une librairie pr\u00e8s de chez vous.<\/p>\n\n\n\n<p>(Pour les professionnels : nous sommes diffus\u00e9s par <strong><em><a href=\"http:\/\/www.avm-diffusion.com\/\">AVM<\/a><\/em><\/strong>.)<\/p>\n\n\n\n<p><\/p>\n","protected":false},"excerpt":{"rendered":"<p>Vous r\u00eavez de lire Dans les poches de Catinon ou De Lys, d&rsquo;Azur \u00e9toil\u00e9 et d&rsquo;un Coeur enflamm\u00e9 ? Nos BD sont tr\u00e8s s\u00fbrement disponibles ou commandables dans une librairie pr\u00e8s de chez vous. (Pour les professionnels : nous sommes diffus\u00e9s par AVM.)<\/p>\n","protected":false},"author":1,"featured_media":0,"parent":0,"menu_order":0,"comment_status":"closed","ping_status":"closed","template":"","meta":{"footnotes":""},"class_list":["post-91","page","type-page","status-publish","hentry"],"_links":{"self":[{"href":"https:\/\/coradcor.fr\/index.php\/wp-json\/wp\/v2\/pages\/91","targetHints":{"allow":["GET"]}}],"collection":[{"href":"https:\/\/coradcor.fr\/index.php\/wp-json\/wp\/v2\/pages"}],"about":[{"href":"https:\/\/coradcor.fr\/index.php\/wp-json\/wp\/v2\/types\/page"}],"author":[{"embeddable":true,"href":"https:\/\/coradcor.fr\/index.php\/wp-json\/wp\/v2\/users\/1"}],"replies":[{"embeddable":true,"href":"https:\/\/coradcor.fr\/index.php\/wp-json\/wp\/v2\/comments?post=91"}],"version-history":[{"count":5,"href":"https:\/\/coradcor.fr\/index.php\/wp-json\/wp\/v2\/pages\/91\/revisions"}],"predecessor-version":[{"id":332,"href":"https:\/\/coradcor.fr\/index.php\/wp-json\/wp\/v2\/pages\/91\/revisions\/332"}],"wp:attachment":[{"href":"https:\/\/coradcor.fr\/index.php\/wp-json\/wp\/v2\/media?parent=91"}],"curies":[{"name":"wp","href":"https:\/\/api.w.org\/{rel}","templated":true}]}}

<p>Vous rêvez de lire <em>Dans les poches de Catinon</em> ou<em> De Lys, d&rsquo;Azur étoilé et d&rsquo;un Coeur enflammé</em> ? Nos BD sont très sûrement disponibles ou commandables dans une librairie près de chez vous.</p>



<p>(Pour les professionnels : nous sommes diffusés par <strong><em><a href="http://www.avm-diffusion.com/">AVM</a></em></strong>.)</p>



<p></p>

<p>Vous rêvez de lire Dans les poches de Catinon ou De Lys, d&rsquo;Azur étoilé et d&rsquo;un Coeur enflammé ? Nos BD sont très sûrement disponibles ou commandables dans une librairie près de chez vous. (Pour les professionnels : nous sommes diffusés par AVM.)</p>
