{"id":225,"date":"2021-01-10T22:39:25","date_gmt":"2021-01-10T21:39:25","guid":{"rendered":"https:\/\/coradcor.fr\/?page_id=225"},"modified":"2021-01-10T22:39:25","modified_gmt":"2021-01-10T21:39:25","slug":"la-couverture","status":"publish","type":"page","link":"https:\/\/coradcor.fr\/index.php\/la-couverture\/","title":{"rendered":"La couverture"},"content":{"rendered":"\n<p>L\u00e0 encore, comme pour le titre, le dessin retenu encapsule, comme \u00e7a, mine de rien, l\u2019essentiel de ce qui va se tramer \u00e0 l\u2019int\u00e9rieur. Mille excuses, cher lecteur, de te manipuler ainsi&nbsp;: promis, c\u2019est pour ton bien&nbsp;!<\/p>\n\n\n\n<p>Tout comme un titre se doit normalement d\u2019\u00eatre bref et choc, une couverture de BD \u2013 chr\u00e9tienne ou pas \u2013 est cens\u00e9e \u00eatre anim\u00e9e. Comme nous n\u2019en \u00e9tions plus \u00e0 \u00e7a pr\u00e8s, ce n\u2019est \u00e9videmment pas ce qui se produit ici&nbsp;! Certes, Philippe N\u00e9ri fut un homme d\u2019action, du moins un homme tr\u00e8s actif dans sa ville de Rome. Mais il nous est vite apparu qu\u2019une attitude de pri\u00e8re serait plus juste. Apr\u00e8s tout, dans la vie d\u2019un saint, c\u2019est la pri\u00e8re qui le guide et le fait agir. Au final, vous pouvez donc admirer saint Philippe dans sa position de pri\u00e8re favorite&nbsp;: dress\u00e9 de la sorte et avec son cou tendu tout droit vers le Ciel. Note pour vous-m\u00eame&nbsp;: m\u00e9fiez-vous avant d\u2019essayer, le d\u00e9s\u00e9quilibre est assur\u00e9&nbsp;! C\u2019est bien beau de vouloir imiter les saints, mais attention aux chutes mal pr\u00e9par\u00e9es&nbsp;!<\/p>\n\n\n\n<p>Anecdote, au passage. Concr\u00e9tiser cette couverture nous a amen\u00e9 \u00e0 une hypoth\u00e8se originale. M\u00eame si nous aimerions probablement tous tendre \u00e0 ce point vers le P\u00e8re, la nature humaine est ainsi faite que quiconque essayant cette position rencontrerait un gros d\u00e9s\u00e9quilibre vers l\u2019arri\u00e8re. C\u2019est encore plus saisissant quand vous le faites en pleine nature et que les nuages bougent alors que vous pointez le ciel. Vertige assur\u00e9\u00a0! Maintenant que vous connaissez le secret ultime de saint Philippe N\u00e9ri (<strong>risque de spoiler niveau 2<\/strong>), ne serait-ce pas son c\u0153ur, si lourd de l\u2019Amour du Christ dans l\u2019effusion de l\u2019Esprit Saint, qui corrigeait avantageusement son barycentre\u00a0vers l\u2019avant\u00a0? Derni\u00e8re remarque\u00a0pour la route\u00a0: vous retrouvez cette position de pri\u00e8re p. 22.<\/p>\n\n\n\n<p>Derri\u00e8re saint Philippe, on reconnait tous Rome. Comme \u00e7a, ceux du fond qui se contentent de retenir que Philippe N\u00e9ri est n\u00e9 \u00e0 Florence en sont pour leurs frais&nbsp;! L\u2019indice essentiel est \u00e9videmment la basilique Saint-Pierre sur la gauche. Elle est volontairement en cours de construction, et ce pour plusieurs raisons.<\/p>\n\n\n\n<p>Tout d\u2019abord, par cette couverture, nous annon\u00e7ons d\u2019embl\u00e9e notre parti pris&nbsp;: cette hagiographie sera dans un trait certes un peu na\u00eff, mais assez r\u00e9aliste, en tout cas tr\u00e8s historique. Donc si nous vous pr\u00e9sentons la basilique dans cet \u00e9tat, entre l\u2019\u00e9difice que nous connaissons actuellement, construit comme \u00e0 rebours en partant du ch\u0153ur, et la basilique constantinienne, d\u00e9molie au fur et \u00e0 mesure, \u00e0 l\u2019avant, c\u2019est que c\u2019\u00e9tait comme \u00e7a lorsque saint Philippe avait cet \u00e2ge et cette couleur capillaire.<\/p>\n\n\n\n<p>Mais le fait que Saint-Pierre soit en construction n\u2019est pas d\u00fb au hasard et c\u2019est l\u00e0 o\u00f9 la couverture introduit le plus ce qui va se d\u00e9rouler \u00e0 l\u2019int\u00e9rieur. En effet, Saint Philippe N\u00e9ri est un personnage tr\u00e8s important de la Contre-R\u00e9forme. Les lecteurs les plus attentifs remarqueront que ce terme n\u2019appara\u00eet pourtant dans aucune bulle. Attendez avant de tirer&nbsp;: on vous explique. Nous avons voulu un ouvrage le plus historique possible. Or, le terme \u00ab&nbsp;Contre-R\u00e9forme&nbsp;\u00bb a \u00e9t\u00e9, comme bien souvent en histoire, forg\u00e9 apr\u00e8s coup. Philippe n\u2019a donc jamais pu entendre cette terminologie, encore moins raisonner avec. Allez raconter un truc aussi compliqu\u00e9 que la Contre-R\u00e9forme, en BD, et en plus en vous \u00e9tant (b\u00eatement) interdit de mentionner la formule&nbsp;! Double peine&nbsp;!<\/p>\n\n\n\n<p>La basilique Saint-Pierre-du-Vatican est le centre de l\u2019Eglise chr\u00e9tienne romaine, le si\u00e8ge du Pape (le si\u00e8ge \u2026 du Saint-Si\u00e8ge&nbsp;!). Le fait que cette \u00e9glise soit en reconstruction pendant que l\u2019Eglise cherche \u00e0 se reconstruire avec des hommes comme Philippe N\u00e9ri \u00e9tait donc \u00e9videmment une symbolique \u00e0 ne surtout pas rater.<\/p>\n\n\n\n<p>Finissons l\u2019analyse de la couverture avec un dernier d\u00e9tail qui vous fera briller en soci\u00e9t\u00e9 oratorienne. Nous allons parler ici de l\u2019angle de vue choisi. Les Fran\u00e7ais ont plut\u00f4t l\u2019habitude de contempler Rome depuis la colline du Pincio (la faute \u00e0 la Villa M\u00e9dicis et \u00e0 la Trinit\u00e9-des-Monts, secteurs fran\u00e7ais dans la capitale italienne). L\u00e0, nous nous trouvons plut\u00f4t \u00e0 l\u2019exact oppos\u00e9, avec une vue du sud vers le nord-ouest. Nous nous sommes inspir\u00e9 pour cet angle de vue de <a href=\"https:\/\/it.wikipedia.org\/wiki\/Giuseppe_Vasi#\/media\/File:Rom-view-klein-ganz.png\" data-type=\"URL\" data-id=\"https:\/\/it.wikipedia.org\/wiki\/Giuseppe_Vasi#\/media\/File:Rom-view-klein-ganz.png\" target=\"_blank\" rel=\"noreferrer noopener\">la c\u00e9l\u00e8bre gravure de Giuseppe Vasi<\/a> repr\u00e9sentant Rome depuis globalement le m\u00eame point de vue. A cette \u00e9poque, chaque \u00e9glise dans Rome avait des terres dans la campagne, en p\u00e9riph\u00e9rie de la ville (qui \u00e9tait de toute fa\u00e7on d\u2019une taille plus r\u00e9duite qu\u2019aujourd\u2019hui). Ces endroits \u00e9taient appel\u00e9s \u00ab\u00a0Vigna\u00a0\u00bb. Les vignes de la Congr\u00e9gation des P\u00e8res de l\u2019Oratoire \u00e9taient <em>grosso modo<\/em> situ\u00e9es de cette fa\u00e7on par rapport au panorama romain, sur la colline du Janicule. On sait que Philippe aimait y aller. De toute fa\u00e7on, il aimait prier dans la nature, comme on le lit p. 34.<\/p>\n","protected":false},"excerpt":{"rendered":"<p>L\u00e0 encore, comme pour le titre, le dessin retenu encapsule, comme \u00e7a, mine de rien, l\u2019essentiel de ce qui va se tramer \u00e0 l\u2019int\u00e9rieur. Mille excuses, cher lecteur, de te manipuler ainsi&nbsp;: promis, c\u2019est pour ton bien&nbsp;! Tout comme un titre se doit normalement d\u2019\u00eatre bref et choc, une couverture de BD \u2013 chr\u00e9tienne ou [&hellip;]<\/p>\n","protected":false},"author":1,"featured_media":0,"parent":0,"menu_order":0,"comment_status":"closed","ping_status":"closed","template":"","meta":{"footnotes":""},"class_list":["post-225","page","type-page","status-publish","hentry"],"_links":{"self":[{"href":"https:\/\/coradcor.fr\/index.php\/wp-json\/wp\/v2\/pages\/225","targetHints":{"allow":["GET"]}}],"collection":[{"href":"https:\/\/coradcor.fr\/index.php\/wp-json\/wp\/v2\/pages"}],"about":[{"href":"https:\/\/coradcor.fr\/index.php\/wp-json\/wp\/v2\/types\/page"}],"author":[{"embeddable":true,"href":"https:\/\/coradcor.fr\/index.php\/wp-json\/wp\/v2\/users\/1"}],"replies":[{"embeddable":true,"href":"https:\/\/coradcor.fr\/index.php\/wp-json\/wp\/v2\/comments?post=225"}],"version-history":[{"count":2,"href":"https:\/\/coradcor.fr\/index.php\/wp-json\/wp\/v2\/pages\/225\/revisions"}],"predecessor-version":[{"id":227,"href":"https:\/\/coradcor.fr\/index.php\/wp-json\/wp\/v2\/pages\/225\/revisions\/227"}],"wp:attachment":[{"href":"https:\/\/coradcor.fr\/index.php\/wp-json\/wp\/v2\/media?parent=225"}],"curies":[{"name":"wp","href":"https:\/\/api.w.org\/{rel}","templated":true}]}}