{"id":213,"date":"2021-01-10T22:04:41","date_gmt":"2021-01-10T21:04:41","guid":{"rendered":"https:\/\/coradcor.fr\/?page_id=213"},"modified":"2021-03-13T13:50:12","modified_gmt":"2021-03-13T12:50:12","slug":"bonus-2021","status":"publish","type":"page","link":"https:\/\/coradcor.fr\/index.php\/bonus-2021\/","title":{"rendered":"BONUS (2021)"},"content":{"rendered":"\n<p class=\"has-text-align-center has-vivid-red-color has-text-color has-medium-font-size\"><strong>!!! NOUVEAUT\u00c9 2021&nbsp;!!!<\/strong><\/p>\n\n\n\n<p>Pour f\u00eater le 1<sup>er<\/sup> anniversaire de notre <em>Mention Sp\u00e9ciale au Festival de la BD Chr\u00e9tienne d\u2019Angoul\u00eame<\/em>, nous avons cr\u00e9\u00e9 pour vous cette nouvelle rubrique, sorte de \u00ab&nbsp;making-of&nbsp;\u00bb de notre livre.<\/p>\n\n\n\n<p>Vous y trouverez&nbsp;:<\/p>\n\n\n\n<ul class=\"wp-block-list\"><li>la <a href=\"https:\/\/coradcor.fr\/index.php\/construction-de-loeuvre\/\">construction de l\u2019\u0153uvre<\/a> (les liens entre les diff\u00e9rentes parties, pourquoi le choix d\u2019une enqu\u00eate, etc)<\/li><li>la <a href=\"https:\/\/coradcor.fr\/index.php\/bd-et-chronologie\/\" data-type=\"URL\" data-id=\"https:\/\/coradcor.fr\/index.php\/bd-et-chronologie\/\">BD remise dans l\u2019ordre chronologique<\/a>, pour les allergiques du \u00ab\u00a0flash-back\u00a0\u00bb et pour relire la vie de saint Philippe Neri dans l\u2019ordre chronologique<\/li><li>la \u00ab\u00a0making-of\u00a0\u00bb de certains lieux ou personnages que nous avons d\u00fb reconstituer pour l\u2019occasion<\/li><li>Quelques <a href=\"https:\/\/coradcor.fr\/index.php\/details-caches\/\">d\u00e9tails cach\u00e9s<\/a><\/li><\/ul>\n\n\n\n<p><\/p>\n","protected":false},"excerpt":{"rendered":"<p>!!! NOUVEAUT\u00c9 2021&nbsp;!!! Pour f\u00eater le 1er anniversaire de notre Mention Sp\u00e9ciale au Festival de la BD Chr\u00e9tienne d\u2019Angoul\u00eame, nous avons cr\u00e9\u00e9 pour vous cette nouvelle rubrique, sorte de \u00ab&nbsp;making-of&nbsp;\u00bb de notre livre. Vous y trouverez&nbsp;: la construction de l\u2019\u0153uvre (les liens entre les diff\u00e9rentes parties, pourquoi le choix d\u2019une enqu\u00eate, etc) la BD remise [&hellip;]<\/p>\n","protected":false},"author":1,"featured_media":0,"parent":0,"menu_order":0,"comment_status":"closed","ping_status":"closed","template":"","meta":{"footnotes":""},"class_list":["post-213","page","type-page","status-publish","hentry"],"_links":{"self":[{"href":"https:\/\/coradcor.fr\/index.php\/wp-json\/wp\/v2\/pages\/213","targetHints":{"allow":["GET"]}}],"collection":[{"href":"https:\/\/coradcor.fr\/index.php\/wp-json\/wp\/v2\/pages"}],"about":[{"href":"https:\/\/coradcor.fr\/index.php\/wp-json\/wp\/v2\/types\/page"}],"author":[{"embeddable":true,"href":"https:\/\/coradcor.fr\/index.php\/wp-json\/wp\/v2\/users\/1"}],"replies":[{"embeddable":true,"href":"https:\/\/coradcor.fr\/index.php\/wp-json\/wp\/v2\/comments?post=213"}],"version-history":[{"count":6,"href":"https:\/\/coradcor.fr\/index.php\/wp-json\/wp\/v2\/pages\/213\/revisions"}],"predecessor-version":[{"id":300,"href":"https:\/\/coradcor.fr\/index.php\/wp-json\/wp\/v2\/pages\/213\/revisions\/300"}],"wp:attachment":[{"href":"https:\/\/coradcor.fr\/index.php\/wp-json\/wp\/v2\/media?parent=213"}],"curies":[{"name":"wp","href":"https:\/\/api.w.org\/{rel}","templated":true}]}}