{"id":131,"date":"2019-11-22T11:42:42","date_gmt":"2019-11-22T10:42:42","guid":{"rendered":"https:\/\/coradcor.fr\/?page_id=131"},"modified":"2020-09-18T11:08:12","modified_gmt":"2020-09-18T09:08:12","slug":"presse","status":"publish","type":"page","link":"https:\/\/coradcor.fr\/index.php\/presse\/","title":{"rendered":"Presse"},"content":{"rendered":"\n<h2 class=\"wp-block-heading\">La presse en parle : <\/h2>\n\n\n\n<h2 class=\"wp-block-heading\">09\/2020 P\u00e8lerin Magazine : S\u00e9lection de livres pour la rentr\u00e9e<img loading=\"lazy\" decoding=\"async\" width=\"392\" height=\"272\" class=\"wp-image-207\" style=\"width: 392px;\" src=\"https:\/\/coradcor.fr\/wp-content\/uploads\/2020\/09\/article_pelerin2020.jpg\" alt=\"\" srcset=\"https:\/\/coradcor.fr\/wp-content\/uploads\/2020\/09\/article_pelerin2020.jpg 1376w, https:\/\/coradcor.fr\/wp-content\/uploads\/2020\/09\/article_pelerin2020-300x208.jpg 300w, https:\/\/coradcor.fr\/wp-content\/uploads\/2020\/09\/article_pelerin2020-768x533.jpg 768w, https:\/\/coradcor.fr\/wp-content\/uploads\/2020\/09\/article_pelerin2020-1024x711.jpg 1024w, https:\/\/coradcor.fr\/wp-content\/uploads\/2020\/09\/article_pelerin2020-416x289.jpg 416w\" sizes=\"auto, (max-width: 392px) 100vw, 392px\" \/><\/h2>\n\n\n\n<h3 class=\"wp-block-heading\">Le 30\/01\/20 sur RCF Charente, interview en direct du festival d&rsquo;Angoul\u00eame<\/h3>\n\n\n\n<p><br>Lien https:\/\/www.rcfcharente.fr\/2020\/01\/30\/tour-table-festival-bd-2020\/<\/p>\n\n\n\n<h3 class=\"wp-block-heading\">Le 10\/01\/20 sur Aleteia<\/h3>\n\n\n\n<p><a href=\"https:\/\/fr.aleteia.org\/2020\/01\/09\/une-bd-sur-charles-de-foucauld-distinguee-a-angouleme\/\">lire l&rsquo;article sur Aleteia<\/a> (deuxi\u00e8me partie d&rsquo;article)<\/p>\n\n\n\n<figure class=\"wp-block-image\"><img loading=\"lazy\" decoding=\"async\" width=\"516\" height=\"798\" src=\"https:\/\/coradcor.fr\/wp-content\/uploads\/2020\/01\/image.png\" alt=\"\" class=\"wp-image-151\" srcset=\"https:\/\/coradcor.fr\/wp-content\/uploads\/2020\/01\/image.png 516w, https:\/\/coradcor.fr\/wp-content\/uploads\/2020\/01\/image-194x300.png 194w, https:\/\/coradcor.fr\/wp-content\/uploads\/2020\/01\/image-416x643.png 416w\" sizes=\"auto, (max-width: 516px) 100vw, 516px\" \/><\/figure>\n\n\n\n<h4 class=\"wp-block-heading\">Le 09\/01\/20 Conf\u00e9rence de presse de l&rsquo;association de la BD Chr\u00e9tienne d&rsquo;Angoul\u00eame<\/h4>\n\n\n\n<p><a href=\"https:\/\/angouleme.catholique.fr\/Prix-International-de-la-BD-Chretienne-2020\">Lire la conf\u00e9rence de presse <\/a><\/p>\n\n\n\n<figure class=\"wp-block-image\"><img loading=\"lazy\" decoding=\"async\" width=\"654\" height=\"715\" src=\"https:\/\/coradcor.fr\/wp-content\/uploads\/2020\/01\/image-1.png\" alt=\"\" class=\"wp-image-152\" srcset=\"https:\/\/coradcor.fr\/wp-content\/uploads\/2020\/01\/image-1.png 654w, https:\/\/coradcor.fr\/wp-content\/uploads\/2020\/01\/image-1-274x300.png 274w, https:\/\/coradcor.fr\/wp-content\/uploads\/2020\/01\/image-1-416x455.png 416w\" sizes=\"auto, (max-width: 654px) 100vw, 654px\" \/><\/figure>\n\n\n\n<h4 class=\"wp-block-heading\">le 24\/12\/19 \u00ab\u00a0Gabriel\u00a0\u00bb, le journal de l&rsquo;association CRIABD <\/h4>\n\n\n\n<p><a href=\"https:\/\/www.criabd.eu\/de-lys-dazur-etoile-et-dun-coeur-enflamme-une-vie-de-saint-philippe-neri\/\">Lire l&rsquo;article du CRIABD <\/a><\/p>\n\n\n\n<h2 class=\"wp-block-heading\">le 21\/11\/19 Sur Cathobel<\/h2>\n\n\n\n<p><a href=\"https:\/\/www.cathobel.be\/2019\/11\/21\/bande-dessinee-sur-saint-philippe-neri\/?fbclid=IwAR3qQlvynOaNlrojFCjKzpUMxm3YP-tLtpQFdKUpI8Whgm3JEe7L1YxTtVs\">lire l&rsquo;article de Cathobel<\/a><\/p>\n\n\n\n<figure class=\"wp-block-image is-resized\"><img loading=\"lazy\" decoding=\"async\" src=\"https:\/\/coradcor.fr\/wp-content\/uploads\/2019\/11\/image.png\" alt=\"\" class=\"wp-image-132\" width=\"590\" height=\"580\" srcset=\"https:\/\/coradcor.fr\/wp-content\/uploads\/2019\/11\/image.png 804w, https:\/\/coradcor.fr\/wp-content\/uploads\/2019\/11\/image-300x295.png 300w, https:\/\/coradcor.fr\/wp-content\/uploads\/2019\/11\/image-768x756.png 768w, https:\/\/coradcor.fr\/wp-content\/uploads\/2019\/11\/image-416x409.png 416w\" sizes=\"auto, (max-width: 590px) 100vw, 590px\" \/><figcaption>www.cathobel.be<\/figcaption><\/figure>\n\n\n\n<h3 class=\"wp-block-heading\">Le 19\/07\/2019 sur L&rsquo;Homme Nouveau<\/h3>\n\n\n\n<p><a href=\"https:\/\/www.hommenouveau.fr\/2912\/culture\/une-bande-dessinee-sur-saint-philippe-neri.htm\">Lire l&rsquo;article sur le site de L&rsquo;Homme Nouveau<\/a><\/p>\n\n\n\n<figure class=\"wp-block-image\"><img loading=\"lazy\" decoding=\"async\" width=\"550\" height=\"823\" src=\"https:\/\/coradcor.fr\/wp-content\/uploads\/2019\/11\/image-1.png\" alt=\"\" class=\"wp-image-133\" srcset=\"https:\/\/coradcor.fr\/wp-content\/uploads\/2019\/11\/image-1.png 550w, https:\/\/coradcor.fr\/wp-content\/uploads\/2019\/11\/image-1-200x300.png 200w, https:\/\/coradcor.fr\/wp-content\/uploads\/2019\/11\/image-1-416x622.png 416w\" sizes=\"auto, (max-width: 550px) 100vw, 550px\" \/><figcaption>lire l&rsquo;article complet sur <a href=\"https:\/\/www.hommenouveau.fr\/2912\/culture\/une-bande-dessinee-sur-saint-philippe-neri.htm\">www.hommenouveau.fr<\/a><\/figcaption><\/figure>\n","protected":false},"excerpt":{"rendered":"<p>La presse en parle : 09\/2020 P\u00e8lerin Magazine : S\u00e9lection de livres pour la rentr\u00e9e Le 30\/01\/20 sur RCF Charente, interview en direct du festival d&rsquo;Angoul\u00eame Lien https:\/\/www.rcfcharente.fr\/2020\/01\/30\/tour-table-festival-bd-2020\/ Le 10\/01\/20 sur Aleteia lire l&rsquo;article sur Aleteia (deuxi\u00e8me partie d&rsquo;article) Le 09\/01\/20 Conf\u00e9rence de presse de l&rsquo;association de la BD Chr\u00e9tienne d&rsquo;Angoul\u00eame Lire la conf\u00e9rence de [&hellip;]<\/p>\n","protected":false},"author":1,"featured_media":0,"parent":0,"menu_order":0,"comment_status":"closed","ping_status":"closed","template":"","meta":{"footnotes":""},"class_list":["post-131","page","type-page","status-publish","hentry"],"_links":{"self":[{"href":"https:\/\/coradcor.fr\/index.php\/wp-json\/wp\/v2\/pages\/131","targetHints":{"allow":["GET"]}}],"collection":[{"href":"https:\/\/coradcor.fr\/index.php\/wp-json\/wp\/v2\/pages"}],"about":[{"href":"https:\/\/coradcor.fr\/index.php\/wp-json\/wp\/v2\/types\/page"}],"author":[{"embeddable":true,"href":"https:\/\/coradcor.fr\/index.php\/wp-json\/wp\/v2\/users\/1"}],"replies":[{"embeddable":true,"href":"https:\/\/coradcor.fr\/index.php\/wp-json\/wp\/v2\/comments?post=131"}],"version-history":[{"count":7,"href":"https:\/\/coradcor.fr\/index.php\/wp-json\/wp\/v2\/pages\/131\/revisions"}],"predecessor-version":[{"id":208,"href":"https:\/\/coradcor.fr\/index.php\/wp-json\/wp\/v2\/pages\/131\/revisions\/208"}],"wp:attachment":[{"href":"https:\/\/coradcor.fr\/index.php\/wp-json\/wp\/v2\/media?parent=131"}],"curies":[{"name":"wp","href":"https:\/\/api.w.org\/{rel}","templated":true}]}}